{"id":1468,"date":"2025-01-13T00:37:55","date_gmt":"2025-01-13T00:37:55","guid":{"rendered":"https:\/\/memoriactivadeladesaparicion.mx\/clonepruebas\/?page_id=1468"},"modified":"2025-03-17T04:16:14","modified_gmt":"2025-03-17T04:16:14","slug":"nosotros","status":"publish","type":"page","link":"https:\/\/memoriactivadeladesaparicion.mx\/clonepruebas\/nosotros\/","title":{"rendered":"Nosotros"},"content":{"rendered":"\n\n\n\n\n\n<h2>Nosotros<\/h2>\n\n<p style=\"color: rgb(0, 0, 0); text-align: justify;\">Memoria Activa de la Desaparici\u00f3n (MAD) es un sitio electr\u00f3nico desarrollado por la comunidad acad\u00e9mica de El Colegio de Jalisco (Coljal) a fin de brindar informaci\u00f3n documental que permita orientar a la ciudadan\u00eda acerca del conocimiento sobre el problema, los procesos de b\u00fasqueda y la atenci\u00f3n integral a las personas afectadas por la desaparici\u00f3n.<\/p>\n<p style=\"color: rgb(0, 0, 0); text-align: justify;\">Ante la crisis generalizada en el estado de Jalisco y en M\u00e9xico, este espacio de consulta de informaci\u00f3n se conforma como una herramienta de apoyo para familiares, amigos, docentes, trabajadores sociales, investigadores y usuarios preocupados en la desaparici\u00f3n de personas, as\u00ed como a organismos p\u00fablicos responsables de los procesos de b\u00fasqueda y atenci\u00f3n a los afectados.<\/p>\n<p style=\"color: rgb(0, 0, 0); text-align: justify;\">El MAD surge en el a\u00f1o 2019 en el marco del proyecto denominado \u201cCentro de Referencias Especializado en el Tema de Desaparici\u00f3n de Personas\u201d, por iniciativa de El Colegio de Jalisco en coordinaci\u00f3n con el Consejo Estatal de Ciencia y Tecnolog\u00eda de Jalisco (Coecytjal) y la Secretar\u00eda de Innovaci\u00f3n, Ciencia y Tecnolog\u00eda del Gobierno de Jalisco, a trav\u00e9s del Fondo de Desarrollo Cient\u00edfico de Jalisco (Fodecijal) para Atender Problemas Estatales, con clave 8174.<\/p>\n\n\n\n\n\n\n\n\n<h3>Equipo T\u00e9cnico<\/h3>\n\n\n<p style=\"color: rgb(0, 0, 0);\">Responsable del Proyecto:<\/p>\n<p style=\"color: rgb(0, 0, 0);\">Dra. Jaqueline Garza Placencia<\/p>\n\n\n<p style=\"color: rgb(0, 0, 0);\">Responsable del Dise\u00f1o del Sitio:<\/p>\n<p style=\"color: rgb(0, 0, 0);\">Dr. Arturo Dur\u00e1n Padilla<\/p>\n\n\n<p style=\"color: rgb(0, 0, 0);\">Auxiliar de Investigaci\u00f3n Documental y de Campo:&nbsp;<\/p>\n<p style=\"color: rgb(0, 0, 0);\">Estefany N\u00fa\u00f1ez Hern\u00e1ndez<\/p>\n\n\n<p style=\"color: rgb(0, 0, 0);\">Dise\u00f1o y Administraci\u00f3n del Sitio:<\/p>\n<p style=\"color: rgb(0, 0, 0);\">Coordinaci\u00f3n de Sistemas Inform\u00e1ticos y Soporte T\u00e9cnico<\/p>\n<p style=\"color: rgb(0, 0, 0);\">Julio Almaraz Ortiz<\/p>\n<p style=\"color: rgb(0, 0, 0);\">Lizette Hern\u00e1ndez Casillas<\/p>\n<p style=\"color: rgb(0, 0, 0);\">Roberto Omar P\u00e9rez P\u00e9rez<\/p>\n\n\n<p style=\"color: rgb(0, 0, 0);\">Estrategia de Comunicaci\u00f3n:<\/p>\n<p style=\"color: rgb(0, 0, 0);\">Coordinaci\u00f3n de Comunicaci\u00f3n<\/p>\n<p style=\"color: rgb(0, 0, 0);\">Lorena L\u00f3pez Ponce<\/p>\n<p style=\"color: rgb(0, 0, 0);\">Christian No\u00e9 Cantero Mora<\/p>\n<p style=\"color: rgb(0, 0, 0);\">Liliana del Carmen S\u00e1nchez Castorena<\/p>\n<p style=\"color: rgb(0, 0, 0);\">Gerardo Aguilar Villegas<\/p>\n\n\n\n\n\n\n\n\n\n\n\n<h3>Dise\u00f1o de Contenidos<\/h3>\n\n\n\n\n<h4>Primera Etapa: <\/h4>\n\n\n\nBenjam\u00edn Alfonso Camacho Garc\u00eda\n\n\nLaura Susana Garc\u00eda G\u00e1mez\n\n\nIv\u00e1n Alejandro Parra\n\n\nOscar Fernando Carbajal Bautista\n\n\nMichelle Lomel\u00ed Rodr\u00edguez\n\n\nFernanda Tiscare\u00f1o Aguilar\n\n\nAnton Jakob Flaig\n\n\n\n\n\n<h4>Segunda Etapa:<\/h4>\n\n\n\nPedro Daniel Hern\u00e1ndez Chombo\n\n\n\u00c1ngel Alejandro \u00c1valos Torres\n\n\nJes\u00fas Gilberto Sarabia Moreno\n\n\nJonathan Javier Gonz\u00e1lez Becerra\n\n\nEstefany N\u00fa\u00f1ez Hern\u00e1ndez\n\n\nJair Eduardo Parada Galarza\n\n\n\n\n\n<h4>Tercera Etapa:<\/h4>\n\n\nAlexandro Porto Hern\u00e1ndez\nC\u00e9sar Alejandro Far\u00edas Sandoval\n\nDiana Ketzally Mart\u00edn del Campo Casta\u00f1eda\n\n\n\n\n\n\n\n\n","protected":false},"excerpt":{"rendered":"","protected":false},"author":10,"featured_media":0,"parent":0,"menu_order":0,"comment_status":"closed","ping_status":"closed","template":"","meta":{"pagelayer_contact_templates":[],"_pagelayer_content":"","footnotes":""},"class_list":["post-1468","page","type-page","status-publish","hentry"],"_links":{"self":[{"href":"https:\/\/memoriactivadeladesaparicion.mx\/clonepruebas\/wp-json\/wp\/v2\/pages\/1468","targetHints":{"allow":["GET"]}}],"collection":[{"href":"https:\/\/memoriactivadeladesaparicion.mx\/clonepruebas\/wp-json\/wp\/v2\/pages"}],"about":[{"href":"https:\/\/memoriactivadeladesaparicion.mx\/clonepruebas\/wp-json\/wp\/v2\/types\/page"}],"author":[{"embeddable":true,"href":"https:\/\/memoriactivadeladesaparicion.mx\/clonepruebas\/wp-json\/wp\/v2\/users\/10"}],"replies":[{"embeddable":true,"href":"https:\/\/memoriactivadeladesaparicion.mx\/clonepruebas\/wp-json\/wp\/v2\/comments?post=1468"}],"version-history":[{"count":18,"href":"https:\/\/memoriactivadeladesaparicion.mx\/clonepruebas\/wp-json\/wp\/v2\/pages\/1468\/revisions"}],"predecessor-version":[{"id":4001,"href":"https:\/\/memoriactivadeladesaparicion.mx\/clonepruebas\/wp-json\/wp\/v2\/pages\/1468\/revisions\/4001"}],"wp:attachment":[{"href":"https:\/\/memoriactivadeladesaparicion.mx\/clonepruebas\/wp-json\/wp\/v2\/media?parent=1468"}],"curies":[{"name":"wp","href":"https:\/\/api.w.org\/{rel}","templated":true}]}}